{"id":284,"date":"2020-11-19T18:36:13","date_gmt":"2020-11-19T17:36:13","guid":{"rendered":"https:\/\/refreshed.sk\/?page_id=284"},"modified":"2020-11-20T14:41:45","modified_gmt":"2020-11-20T13:41:45","slug":"webinar","status":"publish","type":"page","link":"https:\/\/refreshed.sk\/index.php\/webinar\/","title":{"rendered":"Webin\u00e1r"},"content":{"rendered":"\n<h3 class=\"wp-block-heading\">Ako si udr\u017ea\u0165 du\u0161evn\u00e9 zdravie po\u010das pand\u00e9mie?<\/h3>\n\n\n\n<p><strong>\u017dijeme n\u00e1ro\u010dn\u00e9 \u010dasy, pand\u00e9mia v\u00fdrazne ovplyvnila na\u0161e mo\u017enosti pracova\u0165, cestova\u0165, stret\u00e1va\u0165 a zab\u00e1va\u0165 sa.<\/strong> Okrem zdravotn\u00fdch (fyzick\u00fdch) a ekonomick\u00fdch d\u00f4sledkov m\u00e1 s\u00fa\u010dasn\u00e1 situ\u00e1cia vplyv na na\u0161u psychiku.<\/p>\n\n\n\n<figure class=\"wp-block-image size-large\"><a href=\"https:\/\/youtu.be\/OqUpeKdVKrs\" target=\"_blank\" rel=\"noopener noreferrer\"><img loading=\"lazy\" decoding=\"async\" width=\"1024\" height=\"317\" src=\"https:\/\/refreshed.sk\/wp-content\/uploads\/2020\/11\/webinar-1024x317.jpg\" alt=\"\" class=\"wp-image-296\" srcset=\"https:\/\/refreshed.sk\/wp-content\/uploads\/2020\/11\/webinar-1024x317.jpg 1024w, https:\/\/refreshed.sk\/wp-content\/uploads\/2020\/11\/webinar-300x93.jpg 300w, https:\/\/refreshed.sk\/wp-content\/uploads\/2020\/11\/webinar-768x238.jpg 768w, https:\/\/refreshed.sk\/wp-content\/uploads\/2020\/11\/webinar-1536x476.jpg 1536w, https:\/\/refreshed.sk\/wp-content\/uploads\/2020\/11\/webinar-2048x635.jpg 2048w, https:\/\/refreshed.sk\/wp-content\/uploads\/2020\/11\/webinar-1568x486.jpg 1568w\" sizes=\"(max-width: 1024px) 100vw, 1024px\" \/><\/a><\/figure>\n\n\n\n<p>Pon\u00fakam V\u00e1m webin\u00e1r s tipmi:<\/p>\n\n\n\n<ul><li><strong>ako zvl\u00e1da\u0165 \u00fazkostn\u00e9 stavy, osamelos\u0165,<\/strong><\/li><li><strong>ako cez homeoffice odde\u013eova\u0165 \u201ehome&#8220; a \u201eoffice&#8220;.<\/strong><\/li><\/ul>\n\n\n\n<p>Uskuto\u010dn\u00ed sa v <strong>utorok 24.11. o 18:00<\/strong> (do cca 19:30)<br>ako \u017eiv\u00e9 vysielanie cez Youtube.<\/p>\n\n\n\n<p>Webin\u00e1r je za dobrovo\u013en\u00fd pr\u00edspevok, pod\u013ea mo\u017enost\u00ed (a spokojnosti s n\u00edm) ka\u017ed\u00e9ho \/ ka\u017edej z v\u00e1s.<\/p>\n\n\n\n<h3 class=\"wp-block-heading\">\u010co (ne)budete potrebova\u0165?<\/h3>\n\n\n\n<p><strong>Okrem pripojenia na internet a po\u010d\u00edta\u010da (smartf\u00f3nu) odpor\u00fa\u010dam spravi\u0165 si<br>\u010do najv\u00e4\u010d\u0161ie pohodlie \ud83d\ude42<\/strong><\/p>\n\n\n\n<p>Nebude nutn\u00e9 cel\u00fd \u010das pozera\u0165 do obrazovky, iba ob\u010das uk\u00e1\u017eem nejak\u00fa pom\u00f4cku alebo obr\u00e1zok. Ak chcete, pripravte si papier a pero na pozn\u00e1mky pre seba.<\/p>\n\n\n\n<p><strong>Prenos bude jednosmern\u00fd, tak\u017ee nebude vidie\u0165 V\u00e1s, ani in\u00e9\/in\u00fdch div\u00e1\u010dky\/div\u00e1kov. Budete v\u0161ak m\u00f4c\u0165 p\u00edsa\u0165 pr\u00edpadn\u00e9 ot\u00e1zky do okna ved\u013ea videa.<\/strong><\/p>\n\n\n\n<p>Zaregistrujte sa pros\u00edm tu:<\/p>\n\n\n\n<div class=\"wp-block-buttons is-layout-flex wp-block-buttons-is-layout-flex\">\n<div class=\"wp-block-button\"><a class=\"wp-block-button__link\" href=\"https:\/\/forms.gle\/9adebW744W1Yijag9\" target=\"_blank\" rel=\"noreferrer noopener\">registr\u00e1cia <\/a><\/div>\n<\/div>\n\n\n\n<p><\/p>\n","protected":false},"excerpt":{"rendered":"<p>Ako si udr\u017ea\u0165 du\u0161evn\u00e9 zdravie po\u010das pand\u00e9mie? \u017dijeme n\u00e1ro\u010dn\u00e9 \u010dasy, pand\u00e9mia v\u00fdrazne ovplyvnila na\u0161e mo\u017enosti pracova\u0165, cestova\u0165, stret\u00e1va\u0165 a zab\u00e1va\u0165 sa. Okrem zdravotn\u00fdch (fyzick\u00fdch) a ekonomick\u00fdch d\u00f4sledkov m\u00e1 s\u00fa\u010dasn\u00e1 situ\u00e1cia vplyv na na\u0161u psychiku. Pon\u00fakam V\u00e1m webin\u00e1r s tipmi: ako zvl\u00e1da\u0165 \u00fazkostn\u00e9 stavy, osamelos\u0165, ako cez homeoffice odde\u013eova\u0165 \u201ehome&#8220; a \u201eoffice&#8220;. Uskuto\u010dn\u00ed sa v utorok [&hellip;]<\/p>\n","protected":false},"author":1,"featured_media":0,"parent":0,"menu_order":0,"comment_status":"closed","ping_status":"closed","template":"","meta":{"footnotes":""},"_links":{"self":[{"href":"https:\/\/refreshed.sk\/index.php\/wp-json\/wp\/v2\/pages\/284"}],"collection":[{"href":"https:\/\/refreshed.sk\/index.php\/wp-json\/wp\/v2\/pages"}],"about":[{"href":"https:\/\/refreshed.sk\/index.php\/wp-json\/wp\/v2\/types\/page"}],"author":[{"embeddable":true,"href":"https:\/\/refreshed.sk\/index.php\/wp-json\/wp\/v2\/users\/1"}],"replies":[{"embeddable":true,"href":"https:\/\/refreshed.sk\/index.php\/wp-json\/wp\/v2\/comments?post=284"}],"version-history":[{"count":12,"href":"https:\/\/refreshed.sk\/index.php\/wp-json\/wp\/v2\/pages\/284\/revisions"}],"predecessor-version":[{"id":312,"href":"https:\/\/refreshed.sk\/index.php\/wp-json\/wp\/v2\/pages\/284\/revisions\/312"}],"wp:attachment":[{"href":"https:\/\/refreshed.sk\/index.php\/wp-json\/wp\/v2\/media?parent=284"}],"curies":[{"name":"wp","href":"https:\/\/api.w.org\/{rel}","templated":true}]}}