{"id":40,"date":"2019-04-03T10:50:36","date_gmt":"2019-04-03T08:50:36","guid":{"rendered":"http:\/\/95.216.9.253\/~refresh\/?page_id=40"},"modified":"2019-04-08T11:59:22","modified_gmt":"2019-04-08T09:59:22","slug":"workshop","status":"publish","type":"page","link":"https:\/\/refreshed.sk\/index.php\/workshop\/","title":{"rendered":"Workshop"},"content":{"rendered":"\n<h4 class=\"wp-block-heading\">Ako horie\u0165 a nevyhorie\u0165<\/h4>\n\n\n\n<p>Za viac ako 10 rokov praxe m\u00e1m pripraven\u00fdch viacero verzi\u00ed workshopu. <br>Jeho zameranie a d\u013a\u017eku v\u017edy dola\u010fujem pod\u013ea po\u017eiadaviek klientov, d\u013a\u017eka je zv\u00e4\u010d\u0161a od 1,5 do 3 hod\u00edn, pr\u00edp. pod\u013ea dohody. <\/p>\n\n\n\n<figure class=\"wp-block-image\"><img loading=\"lazy\" decoding=\"async\" width=\"1024\" height=\"317\" src=\"https:\/\/refreshed.sk\/wp-content\/uploads\/2019\/04\/workshopping__-1-1024x317.png\" alt=\"\" class=\"wp-image-270\" srcset=\"https:\/\/refreshed.sk\/wp-content\/uploads\/2019\/04\/workshopping__-1-1024x317.png 1024w, https:\/\/refreshed.sk\/wp-content\/uploads\/2019\/04\/workshopping__-1-300x93.png 300w, https:\/\/refreshed.sk\/wp-content\/uploads\/2019\/04\/workshopping__-1-768x238.png 768w, https:\/\/refreshed.sk\/wp-content\/uploads\/2019\/04\/workshopping__-1.png 1200w\" sizes=\"(max-width: 1024px) 100vw, 1024px\" \/><\/figure>\n\n\n\n<p>Bez oh\u013eadu na jeho d\u013a\u017eku, je rozdelen\u00fd do 3 z\u00e1kladn\u00fdch \u010dast\u00ed: <\/p>\n\n\n\n<ol><li><strong>Syndr\u00f3m vyhorenia<\/strong>&nbsp;&#8211; \u010do to je, pr\u00edp. nie je, ako sa prejavuje, \u00fa\u010dastn\u00edci\/\u010dky si m\u00f4\u017eu m\u00f4c\u0165 spravi\u0165 vlastn\u00fd test <\/li><li><strong>Pr\u00ed\u010diny vyhorenia<\/strong>&nbsp;&#8211; ktor\u00e9 vonkaj\u0161ie a vn\u00fatorn\u00e9 faktory m\u00f4\u017eu k vyhoreniu prispieva\u0165<\/li><li><strong>Prevencia&nbsp;vyhorenia<\/strong>&nbsp;&#8211; kde a ako h\u013eada\u0165 zdroje, ako vytv\u00e1ra\u0165 vhodn\u00e9 podmienky &#8211; pre seba, v pr\u00e1ci, doma <\/li><\/ol>\n\n\n\n<p>K workshopu m\u00e1m pripraven\u00fa p\u00fatav\u00fa a z\u00e1bavn\u00fa powerpointov\u00fa prezent\u00e1ciu, zvyknem ho robi\u0165 interakt\u00edvnou formou, s priestorom pre ot\u00e1zky \u00fa\u010dastn\u00ed\u010dok\/kov po cel\u00fd \u010das. <\/p>\n\n\n\n<div class=\"wp-block-button\"><a class=\"wp-block-button__link\" href=\"https:\/\/refreshed.sk\/index.php\/kontakt\/\">kontaktujte ma<\/a><\/div>\n\n\n\n<figure class=\"wp-block-image\"><img loading=\"lazy\" decoding=\"async\" width=\"1024\" height=\"317\" src=\"https:\/\/refreshed.sk\/wp-content\/uploads\/2019\/04\/workshopping__2-1-1024x317.png\" alt=\"\" class=\"wp-image-271\" srcset=\"https:\/\/refreshed.sk\/wp-content\/uploads\/2019\/04\/workshopping__2-1-1024x317.png 1024w, https:\/\/refreshed.sk\/wp-content\/uploads\/2019\/04\/workshopping__2-1-300x93.png 300w, https:\/\/refreshed.sk\/wp-content\/uploads\/2019\/04\/workshopping__2-1-768x238.png 768w, https:\/\/refreshed.sk\/wp-content\/uploads\/2019\/04\/workshopping__2-1.png 1200w\" sizes=\"(max-width: 1024px) 100vw, 1024px\" \/><\/figure>\n","protected":false},"excerpt":{"rendered":"<p>Ako horie\u0165 a nevyhorie\u0165 Za viac ako 10 rokov praxe m\u00e1m pripraven\u00fdch viacero verzi\u00ed workshopu. Jeho zameranie a d\u013a\u017eku v\u017edy dola\u010fujem pod\u013ea po\u017eiadaviek klientov, d\u013a\u017eka je zv\u00e4\u010d\u0161a od 1,5 do 3 hod\u00edn, pr\u00edp. pod\u013ea dohody. Bez oh\u013eadu na jeho d\u013a\u017eku, je rozdelen\u00fd do 3 z\u00e1kladn\u00fdch \u010dast\u00ed: Syndr\u00f3m vyhorenia&nbsp;&#8211; \u010do to je, pr\u00edp. nie je, ako [&hellip;]<\/p>\n","protected":false},"author":1,"featured_media":0,"parent":0,"menu_order":0,"comment_status":"closed","ping_status":"closed","template":"","meta":{"footnotes":""},"_links":{"self":[{"href":"https:\/\/refreshed.sk\/index.php\/wp-json\/wp\/v2\/pages\/40"}],"collection":[{"href":"https:\/\/refreshed.sk\/index.php\/wp-json\/wp\/v2\/pages"}],"about":[{"href":"https:\/\/refreshed.sk\/index.php\/wp-json\/wp\/v2\/types\/page"}],"author":[{"embeddable":true,"href":"https:\/\/refreshed.sk\/index.php\/wp-json\/wp\/v2\/users\/1"}],"replies":[{"embeddable":true,"href":"https:\/\/refreshed.sk\/index.php\/wp-json\/wp\/v2\/comments?post=40"}],"version-history":[{"count":19,"href":"https:\/\/refreshed.sk\/index.php\/wp-json\/wp\/v2\/pages\/40\/revisions"}],"predecessor-version":[{"id":272,"href":"https:\/\/refreshed.sk\/index.php\/wp-json\/wp\/v2\/pages\/40\/revisions\/272"}],"wp:attachment":[{"href":"https:\/\/refreshed.sk\/index.php\/wp-json\/wp\/v2\/media?parent=40"}],"curies":[{"name":"wp","href":"https:\/\/api.w.org\/{rel}","templated":true}]}}